 + 4*h - 2. Let m be y(-5). Let b be 2 - m - (-1 + -2). Suppose -b*w + 115 = -w. What is the highest common factor of 46 and w?
23
Suppose -11*w = 56 - 694. What is the greatest common factor of w and 58?
58
Let n be (6 + (-96)/30)/((-2)/(-320)). What is the greatest common factor of 56 and n?
56
Suppose -87*q = -96*q + 8127. Calculate the highest common factor of 21 and q.
21
Suppose 9 - 24 = -r. Suppose 0 = v + 4*v + r, -4*o + 95 = -5*v. Suppose 3*s = 3*q + 18, 4*s - 78 = -4*q - 22. Calculate the highest common factor of o and s.
10
Let u = -4 - -4. Let m be 2 + -3 + 4 + u. Suppose -5*c + m*l + 20 = -0*c, 5*c + 5*l = 60. Calculate the highest common factor of 77 and c.
7
Suppose r + 3*r - 5*x = 34, 2*x = -4. Suppose -r*t + 40 = -2*t. Suppose t*m = 13*m - 63. Calculate the highest common divisor of 3 and m.
3
Suppose -4*m + 441 = 5*z, 4*m - 5*z + 46 = 437. Calculate the highest common factor of 208 and m.
104
Let s(n) = -10*n - 42. Let z be s(-5). What is the greatest common factor of 2 and z?
2
Let y = 498 - 277. Let x = y + 243. What is the greatest common factor of 58 and x?
58
Suppose -3*h + 5*y - 4*y = -116, 2*h - 4*y = 74. Calculate the highest common factor of h and 117.
39
Let q be (-2 - 0) + -59 + 0. Let j = 0 - 103. Let a = q - j. What is the greatest common factor of 6 and a?
6
Let x be 26 + 14/28*-4. What is the greatest common factor of 64 and x?
8
Let q be (-18)/30 - (-886)/10. Calculate the greatest common factor of 11 and q.
11
Suppose -2*k - 3 + 43 = 0. Let m(i) = -12*i - 20. Let o be m(-3). Let b = 96 - o. What is the greatest common divisor of k and b?
20
Suppose -6*p = -7*p + 51. What is the greatest common factor of p and 119?
17
Let b(w) = 12*w - 16. Let n be 76/6 - ((-20)/(-15))/(-4). Let t be b(n). What is the greatest common factor of t and 20?
20
Suppose 24 = 4*d - 4. Suppose o = d*o - 216. Calculate the greatest common divisor of o and 12.
12
Let s = -174 - -197. What is the greatest common factor of 161 and s?
23
Let b = -40 - -42. Suppose -58 + b = -u. What is the greatest common factor of u and 8?
8
Let g = 432 - 417. Calculate the highest common factor of 30 and g.
15
Suppose q = -5*s + 5, 0 = -q - 4*s + 3 + 3. Let d = -37 + 82. Let b = 50 - d. What is the greatest common divisor of b and q?
5
Let q(l) = l**2 - 17*l - 30. Let n be q(21). Calculate the greatest common divisor of 162 and n.
54
Let k(s) = s**3 + 7*s**2 - 5*s - 5. Let r be k(-7). Let b = -25 + r. Calculate the greatest common factor of b and 75.
5
Suppose -3 = 7*a + 11. Let p be (162/36)/(a/(-12)). What is the greatest common divisor of p and 3?
3
Let j(l) = l**3 - 6*l**2 - 7*l + 8. Let d be j(7). Suppose 3*i - 20 = d*i. Let a be (i + -1)/5*-19. Calculate the highest common factor of 57 and a.
19
Let y = 1696 + -1589. What is the highest common divisor of y and 3?
1
Let v(m) = -m**2 + 21*m + 243. Let d be v(-8). Suppose -16*t + 14*t = -22. Calculate the highest common factor of d and t.
11
Let w(x) = 18*x - 1. Let r be w(3). Let k = r + 46. What is the highest common factor of k and 9?
9
Suppose 0 = -2*j + o, -j - 4*j - 3*o - 11 = 0. Let d = 9 + j. Suppose 3*r + 279 = d*p - 4*p, p = 3*r + 81. Calculate the greatest common factor of 22 and p.
22
Let c = 319 + -309. Suppose 2*x + 5 = 55. Suppose 0 = 4*n - 35 - x. What is the highest common divisor of n and c?
5
Suppose 49*a = 38*a + 5203. Calculate the highest common divisor of 43 and a.
43
Suppose 5*l - 3*l - 130 = 0. Let x = l + -53. Calculate the greatest common divisor of 2 and x.
2
Suppose -6955 = -3*x - 1963. Calculate the highest common factor of x and 48.
16
Let b(y) be the third derivative of y**6/120 + 17*y**5/60 - y**4/12 - 11*y**3/3 + 2*y**2 - 1. Let i be b(-17). What is the greatest common factor of i and 96?
12
Suppose b + 17*w = 15*w + 28, b - 23 = -w. What is the highest common factor of b and 738?
18
Let n(x) = 4*x - 51. Let p be n(22). Let z = p - 30. What is the highest common factor of 133 and z?
7
Suppose -101*a - 38*a = -19302 - 5718. Suppose 4 = -5*j + 29, 293 = 4*t + j. Calculate the highest common divisor of a and t.
36
Let w be 70/40*1/((-2)/(-8)). Let r(i) = -i**3 + 7*i**2 + 7*i - 14. Let a be r(w). Calculate the greatest common divisor of 140 and a.
35
Suppose 5*u = 3*g + 47, 2*g + 12 = u - 3. Suppose -3*l - 1 = -u. Calculate the greatest common factor of 5 and l.
1
Let y(q) = q**3 - 3*q**2 - 5*q + 8. Let m be y(4). Suppose 0*n + 450 = m*n + 2*x, 5*n + 3*x - 565 = 0. What is the highest common divisor of n and 10?
10
Let l = 37 + -32. Suppose 0*h = -l*h - 3*u + 755, -3*h = u - 457. Calculate the greatest common divisor of 22 and h.
22
Suppose 130*d + 273 = 151*d. Calculate the greatest common factor of 611 and d.
13
Let a = 6 + 14. Suppose -3*u + 10 + a = 3*z, u - z = 10. Let c be -22*15/(-3) - 0. What is the highest common divisor of u and c?
10
Suppose 6*a - 8*a + 36 = 0. Let t = -5 - -5. Let q be ((-90)/(-2) + t)*2. What is the greatest common factor of a and q?
18
Let z(r) = 493*r**2 + 2*r - 2. Let x be z(1). Calculate the highest common divisor of x and 58.
29
Suppose 5*w - 132 = 3*w. Suppose 2*u = u + 4*d + 40, -4*d + 180 = 4*u. What is the greatest common factor of u and w?
22
Let h = -143 + 156. Calculate the greatest common divisor of 143 and h.
13
Let a(d) = -5*d - 4. Let o be a(-2). Calculate the highest common divisor of o and 192.
6
Let p be (3/6)/(2 - 14/8). Suppose 0 = -5*w - m + 109, 0 = -p*w - 5*m + 66 - 4. What is the highest common divisor of 189 and w?
21
Suppose 143 = -484*h + 497*h. Let g(w) = -10*w**3 + 2*w + 1. Let p be g(-2). What is the greatest common divisor of p and h?
11
Suppose -4 = -2*z, -4*j + z = -2*z + 54. Let i be -2*(-3)/(j/(-26)). What is the highest common factor of i and 91?
13
Suppose -12*f - f = -39. Let o be 5/(15/f) - (-22 + -3). Calculate the greatest common divisor of 208 and o.
26
Let q = 306 - 272. Calculate the highest common divisor of 68 and q.
34
Let l(p) = 26*p**2 - p - 10. Let y be l(3). Suppose -3*m + y + 67 = x, -2*m = -4*x + 1180. Calculate the highest common factor of 49 and x.
49
Let d(f) = 15 - 1 - 2*f + 4*f - f. Let w be d(-6). Suppose 0 = -7*r + 3*r + 224. What is the greatest common divisor of w and r?
8
Let f = -5795 - -5802. Let g be (-81)/(-12) + 2/8. What is the greatest common factor of g and f?
7
Let g(l) = l**2 + 48*l + 18. Let u be g(0). Calculate the greatest common divisor of 51 and u.
3
Let p = -3 - -6. Suppose -4*b - p*y = -184, 3*b + 27 - 165 = 4*y. Let c = b + -22. What is the highest common factor of 6 and c?
6
Suppose 6*w - w - 5*d = 75, 0 = -3*w - 5*d + 53. Let b be (w/(-6))/((-8)/60). Calculate the greatest common divisor of 20 and b.
20
Suppose -q = 5*l + 4*q - 35, q = 4. Let m(v) = 24*v - 10. Let t be m(l). What is the greatest common factor of 93 and t?
31
Suppose -6 = -o - 16. Let s = 5 + o. Let g be 3/s + 3402/70. What is the highest common factor of g and 24?
24
Let o = -33 + 36. Suppose 2*v - v + o*y - 120 = 0, y = 5*v - 680. Suppose z = -2*z + v. What is the highest common factor of z and 18?
9
Let h = 8 - 5. Suppose -l = -s - 4, -h*s - 6 = -2*l + 4. Let k be 4*(171/12 - s). Calculate the greatest common factor of k and 13.
13
Let w = 52 - 49. Suppose -w*p - 65 = -4*p. What is the highest common divisor of p and 26?
13
Let d = -39 + 18. Let b(p) = -p**3 - 21*p**2 - p - 18. Let q be b(d). What is the highest common divisor of 6 and q?
3
Let u be ((-9)/(-2))/(-4 - 1967/(-490)). What is the highest common divisor of 42 and u?
21
Let o = -76 + 139. Let j = -44 + o. Let i be (-1 - -4)*38/2. What is the highest common factor of i and j?
19
Let x be (13/(-156)*15)/((-2)/40). Calculate the highest common factor of x and 725.
25
Suppose 4*k - 3*d - 655 = 1512, -5*k - d = -2723. What is the highest common factor of 68 and k?
68
Let s be ((-30)/(-50))/(1/35). Let q = s - 17. Suppose -q*g + 5*c = -5*g + 10, c = g - 16. What is the greatest common factor of g and 10?
5
Suppose 0 = 19*m - 16*m - 24. Suppose 3*w - m = -b, -2*w + 4*b + 14 = 4. Let p = -1 + 4. Calculate the highest common factor of w and p.
3
Suppose -3*t + 7*t + 8 = 0. Let d be 2*-1*2/t. Let x be 0 + 39 - d/(-2). What is the highest common factor of 8 and x?
8
Let a = -3 - -5. Suppose 192 = 3*u + a*o, -2*o = u - 5*u + 256. Let r b